t z = -13 + 12. Let h(g) = -13*g**2. Calculate h(z).
-13
Let g(v) = v**2 - 8*v. Let d be g(8). Suppose -5*j - 3*p - 2 - 48 = d, 0 = 4*j - p + 23. Let c(i) = i + 4. What is c(j)?
-3
Let a(o) = o**3 - 5*o**2 - o + 3. Suppose 5*p = 5*n - 45, 2*p - 4*n - 24 = 3*p. Let c be (-1)/2 - 66/p. Calculate a(c).
-2
Let n(i) = i - 3 + 1 + 5 - 5. Let y(a) = -a**2 - 6*a. Let f(h) = -h**3 - 6*h**2 + 8*h + 1. Let b be f(-7). Let c be y(b). What is n(c)?
-2
Let n(q) = -q**3 + 2*q**2 + q + 1. Suppose 26 = 3*z + 4*u, -2*z + 24 = 5*u - u. What is n(z)?
3
Let j(p) be the second derivative of -p**3/6 + 2*p**2 - 6*p. Give j(0).
4
Let t = -20 + 37. Let n = -17 + t. Let a(q) = q - 6. Give a(n).
-6
Let w(b) = b**2 + 5*b - 5. Suppose -4*c - r = 28, 8 = -2*c - 4*r - 20. Determine w(c).
1
Let i(q) be the second derivative of 7/6*q**3 + 1/12*q**4 - 2*q**2 - 7*q + 0. Give i(-6).
-10
Let g be (-1 + -3)*1/(-2). Let i(x) be the third derivative of 0 - 1/12*x**4 - 1/6*x**3 - x**g + 0*x. Calculate i(2).
-5
Let o(d) = 2*d**2 - 1. Let n be 20/6*21 + -1. Let m be n/(-15) - 6/15. Let g be (2/m)/(1/5). Give o(g).
7
Suppose 10 = 2*c - 0*c. Suppose -3*l - 31 = -5*z, 0*z = z - l - c. Let g = -2 + z. Let s(v) = -v + 2. Calculate s(g).
-4
Let o(d) = d**2 + 6*d - 3. Let i(j) = j - 2. Let z be i(-3). Give o(z).
-8
Let o(i) = -4*i - 3*i - i**3 + 1 + 3*i**2 + 0*i**2 + 5*i. What is o(2)?
1
Let o = 6 - 4. Suppose 3*x = -o*x + 5. Let y(v) = -x - 7*v + 0*v + 3*v + v**3 - 3*v**2. Determine y(4).
-1
Let t(l) = l**3 - 4*l**2 + 7*l - 7. Let g(s) = 2*s**3 - 8*s**2 + 13*s - 13. Let p(w) = 4*g(w) - 7*t(w). Let y(c) = -c + 2. Let m be y(0). Calculate p(m).
-5
Let i be (-55)/(-25) - 1/5. Suppose 5 + 0 = 4*v + 3*j, 2*v + i*j = 0. Let n(l) = -l + 5. Determine n(v).
0
Let i(f) = 13*f**2. Suppose 5*h + 29 = -4*z, 0 = 5*z + 4*h + 23 + 2. Give i(z).
13
Let k(f) = -2*f**2 - 7*f**2 - f**2. Let i(d) be the second derivative of d**4/12 + d**3 - 3*d**2 - 3*d. Let z be i(-7). Calculate k(z).
-10
Let j(q) be the first derivative of q**5/60 - q**4/6 - 2*q**3/3 + 7*q**2/2 - 4. Let b(v) be the second derivative of j(v). Give b(6).
8
Let r(j) = j**2 - 6*j + 6. Let f be r(5). Let i(z) = -z + 3*z**2 + 0 - z**2 + f. Suppose -2*d = 4*h - 10, h + d = -2*h + 6. Determine i(h).
2
Let r(a) = 3*a**3 + 5*a**2 - a + 2. Suppose 2*p + 15 = 5*p. Let k(h) = 2*h**3 + 11*h**2 - 2*h + 5*h**3 + 0*h + 3. Let c(m) = p*r(m) - 2*k(m). Give c(-3).
7
Let i be -6 + 6/(1 - -1). Let y(w) be the second derivative of -w**4/12 - 5*w**3/6 - 2*w**2 - w. What is y(i)?
2
Let b be (12/(-9))/((-2)/(-6)). Let t(w) be the second derivative of w**5/20 + w**4/3 + w**3/6 - 5*w**2/2 - 6*w. Determine t(b).
-9
Let v(h) = -h - 2*h**3 - 4*h**3 + 5*h**3 - 5*h**2 - 1. Suppose 7*m - 3*m + i + 22 = 0, 2*m + 3*i + 16 = 0. What is v(m)?
4
Let c(f) = -f - 1. Let a be c(0). Let w(u) = -u**3 + 6*u**2 - 5*u + 2. Let v be w(5). Let z(q) = -5*q**v + 5 + q**2 - 6. Determine z(a).
-5
Let m(q) = -q**2 - 10*q - 10. Let s = 62 - 71. Give m(s).
-1
Let t(d) = d**2 + 2*d. Suppose 0 = g + 2*g - 6. Let k(r) = -r**2 - r. Let i(x) = g*k(x) + 3*t(x). Suppose 5*l + 6 = 2*n, -2*l - 2*n - 2 = -3*n. What is i(l)?
-4
Let x(z) = 3*z**2 - z. Let b(h) = 3*h + 25. Let k be b(-8). Let w = 0 + 2. Let r be (k - 3) + w + 2. Calculate x(r).
10
Let j = 12 - 10. Let w(a) = 6*a - j*a - 2 - a. What is w(3)?
7
Let h(m) = m - 3 - m + 2*m. Suppose -3*a = -8*a + 10. Calculate h(a).
1
Let r(l) be the first derivative of -l**4/4 - 7*l**3/3 + l**2/2 - 8*l - 12. What is r(-7)?
-15
Suppose 9 = -3*n - 5*g, -2*n + 19 = -10*g + 5*g. Let y(s) = -12*s + s**2 + 6*s + 3 + 0*s**n. Calculate y(2).
-5
Let c(k) = 2 - 4 - 2*k + 5. Suppose 0 = 4*z - y + 4 - 10, -z - 2 = -2*y. What is c(z)?
-1
Let c(v) = -v**2 - v - 1. Let r be (-9)/(-2)*(7 + 1). Suppose -4 = -5*m + r. Let y be m/(-6) - (-2)/6. Give c(y).
-1
Let a(s) = s**2 - 2*s + 1. Let r be a(1). Let c(b) = -3*b - 5. Let i(q) = 8*q + 16. Let p(g) = -11*c(g) - 4*i(g). Give p(r).
-9
Let i = 13 - 8. Let y(s) = -s**3 - 6*s**2 + 8*s + 9. Let r be y(-7). Let t(b) = 5*b + 2*b**r + 0*b**3 + b**3 + 1 - 8*b**2. Give t(i).
1
Let j(o) = 4 + 3 - o - 2. Let w(z) = -4*z**3 - z + 3. Let n(l) = -3*l**3 - l + 2. Let k(g) = 5*n(g) - 4*w(g). Let d be k(2). Calculate j(d).
1
Let z be (-4)/6 + 5/3. Let v(m) = 4*m**2 - 5*m + 8. Let t(y) = -y**2 + 2*y - 3. Let k(o) = 11*t(o) + 4*v(o). Calculate k(z).
6
Suppose 2*w + 0*w - 10 = 0, -2*w + 20 = p. Let z = p - 10. Let c(i) = i + 6. Determine c(z).
6
Let v(p) = -14*p + 24. Let z(b) = 27*b - 49. Let n(k) = 7*v(k) + 4*z(k). Let d(j) = 3*j - 9. Let l(a) = -16*d(a) + 5*n(a). Give l(-5).
-6
Let o(b) be the second derivative of 5*b**2 + 2*b + 0 - 1/12*b**4 - 5/6*b**3. Let h be o(-7). Let k(c) = -c**3 - 4*c**2 - c. Calculate k(h).
4
Let j(a) = -a**3 - 3*a**2 + a + 2. Let x(v) = -v**3 + v**2 + 3*v + 6. Let t be x(3). What is j(t)?
-1
Suppose 3*u - 4*t - 49 = -15, -3*u + 2*t = -26. Let q(w) = -w + 12. Give q(u).
6
Let x(j) = -j**2 + 6*j - 4. Suppose 0 = -2*n - 5 + 17. Calculate x(n).
-4
Let x(b) = -2*b - 4. Let d(a) = -2*a - 5. Let q(f) = 4*d(f) - 5*x(f). Calculate q(-1).
-2
Let v(d) = -2*d - 2. Let h be (-3)/1 + 0/1. Calculate v(h).
4
Let u(a) = -5*a - 16. Let t(k) = -3*k - 8. Let c(y) = -7*t(y) + 4*u(y). Suppose 0 = -v - 7 + 11. Give c(v).
-4
Suppose -2*l + 5*k = -11, -2*k = 3*l - 8 + 1. Let j(x) be the first derivative of x + 0*x**2 - l - 1/3*x**3. Give j(-1).
0
Suppose -5*o = -o - 4. Let d(v) = -2*v - 10 - 2*v**2 - 4*v**2 - v**3 + o. Determine d(-6).
3
Let n(b) = b + 1. Let f(z) = -20*z - 22. Let k(y) = -2*f(y) - 44*n(y). Let v = -63 - -65. Calculate k(v).
-8
Let x(h) = -7*h + 11. Let k(y) = -3*y + 6. Let t(d) = -9*k(d) + 4*x(d). Let r be t(-7). Let l(a) = 2*a**2 + 5*a + 2. What is l(r)?
5
Suppose -23*o + 18*o + 20 = 0. Let j(x) be the second derivative of 1/2*x**2 + 1/12*x**o - x + 0 - 1/3*x**3. Give j(1).
0
Let a(w) = 6 - 11 + 1 - 4*w + 6*w. Calculate a(5).
6
Let h(a) = 2 - 4*a + 2*a + 6*a. Calculate h(-2).
-6
Let t(d) = d**3 - 4*d**2 + 3*d - 3. Suppose -4*x - 35 + 47 = 0. Determine t(x).
-3
Let k(j) = -j - 2*j - 1 - 1. Suppose 5*h + 18 = -12. Determine k(h).
16
Let p(r) be the second derivative of -r**5/20 + 7*r**4/12 - 3*r**3/2 + 4*r**2 - 6*r. Give p(6).
-10
Let v(u) = u + 1. Suppose -3*r - 7 = -t - 2*r, -r = -3*t + 21. Suppose 4*y + 16 = -3*l, t*l + 19 = 2*l + y. Let j be 0/(-1 - (2 + l)). Give v(j).
1
Let u = 17 + -9. Let b = u + -9. Let s(w) = -7*w - 1. What is s(b)?
6
Let x(p) be the third derivative of p**6/120 - p**5/12 + p**4/12 - p**3/3 - 12*p**2. Calculate x(5).
8
Let s = -6 - -8. Suppose s*p = -p + 3. Let o(u) = 0 + 0*u + 1 + p - u. What is o(3)?
-1
Let r(d) = 7*d. Let n be 5/((-5)/2) + 5. Let f be (1/n)/(9/(-27)). What is r(f)?
-7
Let n = 1 - 7. Let h(o) = -o**3 - 7*o**2 - 4*o + 11. Let z be h(n). Let f(l) = 8*l + 1. Give f(z).
-7
Suppose 20 = j - 16. Suppose 2*b - j = 2. Let m(y) = -2*y**2 + b - 3*y + y - 22 - y**3. Calculate m(-2).
1
Let v(q) = -q**2 - 4*q + 7. Suppose -5*x + 187 = 4*y + 20, -5*y + x + 245 = 0. Let o be (36/y)/((-1)/8). Give v(o).
-5
Let s be 0 - -4 - (-8)/(-4). Let b(x) = 2*x**3 - 4*x**2 - 3*x - 2 + s*x + 2*x**2. Suppose -3*m + 2 = -0*q + 4*q, -5*q = 4*m - 3. Give b(m).
4
Let g(y) = -y**3 - y**2 - y + 1. Let n(v) = 5*v**3 + v**2 + 4*v - 3. Let o(j) = 2*g(j) + n(j). Determine o(1).
3
Let s(k) = -k - 3. Let a be s(6). Let o be (a/6)/((-1)/(-2)). Let b(f) = -2*f**2 - 4*f - 2. Determine b(o).
-8
Let c(f) = f**2 + 5*f + 4. Suppose 0 = 3*n - 1 - 5. Let i = -5 + n. Let b = -2 + i. What is c(b)?
4
Let d(p) = -2*p**2 + 6*p - 2. Let r be 30/(-8) - 15/(-20). Let a(f) = -3*f**2 + 11*f - 4. Let x(j) = r*a(j) + 5*d(j). Suppose g + 3*g + 20 = 0. Calculate x(g).
-8
Suppose 0*c + 36 = 4*c. Let w(m) = -m**3 + 10*m**2 - 10*m + 8. Give w(c).
-1
Suppose -3*q = q - 4. Let g(o) = 6*o + q - o - 7*o. Suppose 5*x + 7 = i, -3*x + 0*i - 9 = i. Determine g(x).
5
Let g(n) be the third derivative of -n**4/12 - n**3/6 + n**2. Let b be 2 + (6 + 0)/(-2). Calculate g(b).
1
Let p be 1 + 21/(-4) - 96/128. Let l(h) = -h - 8. What is l(p)?
-3
Let l be (-4)/6 - (-11)/3. Let w(d) = d**3 - 2*d**2 + 4*d - 1. Let z(c) = c**3 + c. Let v(m) = l*z(m) - w(m). Calculate v(-2).
-5
Suppose 0 = 4*q - 12. Let l be -1*3/(-2)*4. Let o(k) = -5*k + q*k - l + 3*k + 0*k - k**3. Give 